-1
Calculate 3 - (1 + -2 - -4).
0
Evaluate (8 - 0) + (-8 - -4).
4
What is 2 + 1 - (1 + 8 + -2)?
-4
9 + -1 + (-11 - (-4 + 1))
0
Calculate -2 - 5 - -9 - 7.
-5
Evaluate 1 + (-12 - -4) + -1 + 4.
-4
What is the value of -3 - -1 - 2 - 1?
-5
What is the value of (-6 - -3) + (1 + 2 - 0)?
0
What is (-5 + 3 - -6) + (0 - 9)?
-5
-3 + 2 + -3 + -1 - -2
-3
What is 4 + -1 + 1 + 1 + 0?
5
What is -1 + 1 + -2 + -3?
-5
What is 8 - 8 - (-1 + -3) - 11?
-7
Calculate (-1 + 4 - (-2 - -4)) + 2.
3
Calculate 1 + 3 - (-14 - (-15 + 2)).
5
What is the value of -3 + 1 + 5 + -3?
0
Evaluate -5 - (5 + -2) - -13.
5
Evaluate 5 + 0 + -29 + 26 + 2.
4
1 - (4 - (8 - -1) - -3)
3
Calculate -3 + -1 + -2 + 2 + -2.
-6
-2 - (5 - 5) - (4 - 4)
-2
What is -9 + 7 - ((2 - 1) + -5)?
2
What is (0 - 2) + (4 + 1 - -1)?
4
What is 3 + (-7 - -15) + -13?
-2
What is 2 + -1 + 4 - (0 + 1)?
4
What is the value of (0 - 10) + 2 + 2 - -3?
-3
What is (17 - (-2 - (-5 + 1))) + -5?
10
Calculate -4 + 5 + -12 - -3.
-8
What is 4 - (10 + -4) - -7?
5
Calculate -1 + -9 + 1 + 2.
-7
What is 3 + (16 - 17) + (2 - 0)?
4
What is 3 - 0 - (-6 + 12)?
-3
-2 - 3 - (4 + -5)
-4
Evaluate -6 + (0 + (8 - 6) - -1).
-3
What is the value of 4 + 1 + 6 - 3 - 5?
3
What is the value of 1 + -2 - (-2 - 3)?
4
19 - (-5 + -3 + 8 - -8)
11
-7 + (14 + -6 - 0)
1
Calculate (-5 - 0) + (38 - 33).
0
What is the value of (5 - (-1 + 6 - 1)) + 3?
4
Calculate -2 + 6 + -5 - 3 - 2.
-6
Calculate (14 - 6) + -4 + 0.
4
(-17 - -15) + (1 + 1 - 5)
-5
0 + (1 - (3 + -1) - 1)
-2
Calculate 6 + -2 + -2 + -1.
1
What is the value of -11 - -12 - ((-1 - -1) + 0)?
1
What is the value of (32 - (-10 + 16)) + -15?
11
Evaluate -13 - (7 + 8 + -27).
-1
What is 1 + -1 + 5 - 2?
3
What is -2 + (0 - 4) - -4?
-2
Evaluate 2 + (3 - -1) + -4.
2
Evaluate 6 + -1 - (-7 - -16).
-4
What is the value of 1 - ((-2 - 1) + 1)?
3
Evaluate -2 + (-11 + -3 + 7 - -4).
-5
-3 - ((8 - (-1 - -4)) + -5)
-3
Evaluate 12 - (0 + (3 - -4)) - 8.
-3
Evaluate 2 - (0 + 6 - 0).
-4
5 - (-3 + (10 - 7))
5
(2 - -1) + (-6 - (-10 - -5))
2
What is (2 - -6) + -4 - 3?
1
Evaluate 0 + -1 + 3 + 2.
4
Evaluate 3 + -2 + -2 + -2 + 4.
1
What is the value of -20 + 24 - (0 + -2)?
6
-9 - -5 - (-3 - 2)
1
Calculate (6 + 2 - 7) + -1 + 8.
8
14 - (17 - (17 - 8))
6
Calculate (-5 - -10) + (0 - 1) + -1.
3
Calculate (-11 - (3 - 4)) + 18.
8
-2 - ((6 - 10) + -1)
3
Calculate -10 + -2 - (-4 - (-8 - -12)).
-4
What is 0 - -5 - (0 - 1 - -3)?
3
-2 + -1 - (-3 - 2)
2
What is the value of (-1 - -4) + (2 - (-3 - -3))?
5
1 - 0 - (3 - 9)
7
-5 + 6 + -3 + 5
3
Calculate -4 - -4 - 7 - -3.
-4
Calculate 4 + -8 - 3 - 0.
-7
(-12 + 1 - -3) + 7 + -4
-5
-1 - (11 - 17 - -10)
-5
What is (6 - (20 - 7) - -10) + -2?
1
What is the value of (-11 - 1 - -18) + (0 - -1)?
7
What is the value of -4 + 11 + -2 + 2 + -2?
5
Calculate 7 + -1 + 4 + -1.
9
What is the value of 2 + -10 + 4 + -1 + 3?
-2
Evaluate (-6 - (7 - 11) - 0) + -1.
-3
Calculate -1 + (1 - 3) + 5 + 1.
3
Evaluate -3 + (34 - 14) + -8.
9
Evaluate (1 + 7 - 9) + -2.
-3
-14 - -14 - (-1 - 2)
3
(5 - -1 - (16 + -14)) + -1
3
Evaluate 3 - 8 - (-8 - 0).
3
Calculate -4 + 4 - (-2 + (6 - 2)).
-2
Evaluate 4 + (4 - (3 - (-1 + -1))).
3
(-24 - -24) + (0 - (-1 + -3))
4
Calculate -3 + -3 - -4 - -7.
5
Evaluate -3 + 7 + -5 + 0.
-1
Evaluate (-2 - 3) + 5 + 4.
4
Evaluate -4 + 17 + -13 + 6.
6
Calculate 12 + -2 + (-9 - -2) - -6.
9
Evaluate -5 + -1 + 13 + -14.
-7
What is -3 + (21 - (17 + -4))?
5
Calculate -2 + (-6 - -11) + (-1 - -1).
3
What is the value of 3 - ((6 - (1 - -2)) + 0)?
0
Evaluate (-2 - 2) + 0 + 3.
-1
10 + (1 - 5) + 4
10
1 + (0 - -1) + (-21 - -24)
5
What is 5 - (-6 - -17 - (-1 - -3))?
-4
-2 + (2 - -1 - 4)
-3
Calculate -7 + 20 + -7 + -11.
-5
-8 + (12 - 0) - (2 + -1)
3
Calculate 5 - (-7 + 3 + -1 + 1).
9
Calculate -5 + (10 + -6 - (1 - 6)).
4
19 + -16 - (-5 + 5 + 6)
-3
What is the value of -2 + 0 + (2 - -7)?
7
4 - (5 - ((2 - -4) + -8))
-3
What is (-3 - 1) + (7 - 14 - -6)?
-5
What is the value of (-6 - (-2 - -4)) + (2 - -2)?
-4
Calculate -7 - (-1 - (3 - 4 - -6)).
-1
Evaluate 1 + 4 + -1 + 2 + -3.
3
Evaluate 0 + (-3 - (1 - (2 + -1))).
-3
Evaluate -72 + 67 - (-2 + -6).
3
-3 + -2 + 6 + (-5 - 0)
-4
-4 + 1 + 4 + -4 + -1
-4
What is the value of 0 - (3 + (-2 - -4)) - -7?
2
Evaluate (1 - (-3 + 3)) + 3.
4
8 - (4 - 3) - 3
4
What is the value of 5 + 1 + -9 + -1 + 0?
-4
Calculate -6 - (-7 + 5) - (-1 + 1).
-4
What is 85 - 80 - (4 - (0 + 0))?
1
What is the value of (-3 - -2) + 10 + -10 + 4?
3
-5 - -16 - (-11 - -20)
2
Evaluate -5 + (2 + -2 - -6).
1
What is (3 + -1 - -6) + (5 - 9)?
4
(-14 - -32 - 11) + -6
1
Evaluate 4 - (12 - (6 - 5)).
-7
10 + -6 - (1 - -2)
1
-1 + (3 + -9 - -1)
-6
What is 1 - (-7 - (-9 + 5)) - 7?
-3
What is 2 - (9 - 0 - 2)?
-5
What is the value of -3 - (0 + (4 - 5) + 2)?
-4
What is 15 + -20 + (7 - -1) - -3?
6
Evaluate 2 + -2 - (24 + -11 + -8).
-5
Evaluate -44 + 43 + 0 + 6.
5
Calculate (-13 - (3 - 12)) + 7.
3
-13 + 10 + 1 + 2 + -2
-2
What is the value of -6 + (-14 - -4 - -9)?
-7
What is the value of 0 - 1 - (-1 - (0 + 4))?
4
What is 6 - (6 - (-1 - 0))?
-1
What is the value of -64 + 56 - (-12 + 1)?
3
Evaluate 0 + (3 - (2 - 2)).
3
Evaluate -5 + 18 + -22 + 11 + 0.
2
(3 - -1) + 0 - 7
-3
Calculate 6 - 0 - (-8 - -8 - -5).
1
What is 0 - (2 + (-1 - (3 - 0)))?
2
Calculate 4 - (-11 - -19) - -11.
7
What is 14 + -12 - (-3 - -2)?
3
What is the value of 4 + (5 - 1 - (19 - 17))?
6
What is -4 + (-2 - -4) + 0?
-2
-6 - -12 - (1 + (-3 - -1))
7
Evaluate (-3 - (0 - 2)) + (-24 - -21).
-4
Calculate -4 - (-4 - (7 + 3 + -7)).
3
Evaluate -5 + (5 - (3 - (6 + 5))).
8
Evaluate (4 - (-3 - -7)) + (1 - 6).
-5
What is the value of 1 - 4 - (-13 + 0 + 7)?
3
What is -3 + -2 + 3 - -7?
5
What is the value of 4 + 3 + -8 + 3?
2
Calculate 7 + 0 + -2 + -4 + 5.
6
What is the value of -3 + 1 + -1 - (-9 + 4)?
2
Calculate 1 + -3 - (26 - 28).
0
2 - (-5 + 6 + -2)
3
-67 + 64 - (1 + 6)
-10
Evaluate 3 - ((-2 - -2) + 4).
-1
What is the value of 0 + 0 + 3 + (-6 - -4)?
1
What is the value of 0 + (1 - (8 - 6 - -3))?
-4
Evaluate (-5 - -13) + -1 + -3.
4
What is 2 + (-1 - -2) + -8?
-5
Calculate 2 - ((0 - 4) + 2).
4
What is 2 + -3 + 2 + 0?
1
What is the value of -2 - 1 - (-4 - -3)?
-2
What is the value of 1 - (1 + -5 - -1)?
4
5 - (-2 + 4) - 2
1
Calculate (5 - -1) + 0 - (4 + -2).
4
(-2 - 0) + 3 + 12 + -17
-4
What is the value of (-130 - -133) + -2 + -5 + 2?
-2
Calculate (-1 - (-1 - -2) - -2) + -3.
-3
Calculate -1 - (-3 + 4) - 4.
-6
What is -1 + 12 + (6 - 12)?
5
What is the value of -7 + 1 + 28 + -20?
2
What is the value of -67 + 66 - (0 - 0 - -2)?
-3
What is the value of -1 + (-1 - -3) + 2?
3
What is the value of 15 + -10 + -13 - -3?
-5
-3 + -3 + 2 - (3 + -3)
-4
Evaluate (-4 + 9 - 8) + (5 - 1).
1
Calculate (8 - 14) + 16 + -9.
1
What is 2 + 3 + (0 + -3 - 4)?
-2
Calculate -2 + 6 - (5 + 1).
-2
What is the value of (-4 - -1) + (4 + -9 - -7)?
-1
10 + -1 + -3 + -4
2
Calculate (0 - (-2 + (7 - 5))) + -2.
-2
What is 6 + 11 - (0 - -10)?
7
-4 - 2 - (11 - (29 - 5))
7
Calculate (4 - 0) + 4 + -6.
2
Evaluate (-5 + 2 - -7) + 2.
6
Calculate 2 + -8 + -8 + (14 - 3).
-3
What is the value of -3 - (-5 - (-3 - (8 - 2)))?
-7
Evaluate 3 - (-3 + 5 + 9 + -14).
6
3 + -8 + -2 + 5
-2
Evaluate (-4 - (0 - 5)) + -3.
-2
Calculate 3 - -1 - 1 - (-32 + 37).
-2
Calculate 0 + 4 + (-1 + -4 - -1).
0
Evaluate 5 + (-13 - (-1 - 4)).
-3
-8 - (3 + -14 + 0)
3
4 + -5 + -4 + 2
-3
What is 6 - (8 - 12 - (-2 - 0))?
8
What is -3 + (4 - (13 - 6))?
-6
(1 - (-5 + 4)) + -6
-4
What is the value of 2 + -10 - (-2 - 3)?
-3
(-5 - -3) + 13 + -5
6
Calculate -2 + -4 + 3 - -4.
1
Evaluate -2 - 1 - (4 + -6 + 2).
-3
Calculate 6 - 2 - (-5 + 10) - 5.
-6
Calculate -11 + 3 - (3 + -23 + 14).
-2
What is the value of -19 + 6 + (4 - 0)?
-9
6 + 10 + (-5 - 7)
4
Evaluate -9 - (2 - (17 + -4)).
2
What is the value of 11 - 5 - -1 - 3?
4
Evaluate 6 - (-1 + (0 - -12)).
-5
Calculate -12 - -8 - (-1 + -2).
-1
What is the value of 1 - (-5 + (3 - 1))?
4
Evaluate -5 + (5 + -5 - (10 + -5)).
-10
What is (-51 - -50) + 3 + 1?
3
Calculate 3 + (-4 - 2) - (-4 + 3).
-2
Evaluate 1 - 5 - -1 - (1 + -5).
1
What is the value of 1 - (-5 + -2 + 6 + 0)?
2
What is the value of (47 - 36) + -3 + -2?
6
What is the value of -3 - (-4 + 5 + 2 - 3)?
-3
Calculate 2 + (3 + -3 - 4).
-2
Evaluate (-8 - -1) + 0 + 2.
-5
What is the value of 2 + -3 + -3 + (2 - -1)?
-1
What is the value of 1 - (0 + 2 + (-1 - 1))?
1
What i